 -4*i + 3*y = -56. Suppose 3*d - i + 5 = 0. Suppose 75 = s - 4*v, -5*s + d*v + 393 = -0*v. What are the prime factors of s?
79
Suppose 139 = 45*h - 131. Suppose -306 = h*t - 3948. What are the prime factors of t?
607
Suppose -6*b = -5*b + 3*l - 2982, 4*b - 3*l - 11958 = 0. Suppose -x = -3*m + 1388, 5*m - 3*x - b = -676. List the prime factors of m.
463
List the prime factors of -5 - 106250/(-10) - (-26 + 28).
2, 5309
Let y(p) = -3*p**3 - 25*p**2 + 75*p + 365. List the prime factors of y(-20).
5, 31, 83
Let n = -24772 - -34452. What are the prime factors of n?
2, 5, 11
Let k = 51742 - -2504. List the prime factors of k.
2, 3, 9041
Suppose 3*v - 103 = a, 10*a - 5*a = 5*v - 165. What are the prime factors of 4*((-7)/v - (-734)/20)?
2, 73
Suppose a + 0*a = -4*i + 1022, -5*a + 246 = i. Let u = -146 + i. List the prime factors of u.
2, 5, 11
Let c(h) = 3*h**2 + 3*h + 4. Let z be c(-3). Suppose z*u = 16*u + 1644. List the prime factors of u.
2, 137
Let x = 623 + -615. Suppose 30115 = 11*s + x*s. List the prime factors of s.
5, 317
Let g(q) = 2*q**2 - 6*q**3 + 1 + 13*q - 5*q**3 - 21*q + 9*q. Let u be g(-2). Suppose -y + 5*i = -u, 1 = 3*i - 8. List the prime factors of y.
2, 5, 11
Let m(d) = -407*d - 6. Let k be m(4). Let g = k - -2319. Suppose -4*u + 556 = 5*p - 575, 4*u - g = -3*p. List the prime factors of p.
223
Suppose -2*r - 2*q - 8 = 0, 39*q + 12 = 5*r + 36*q. Suppose r = 47*k - 41*k - 4224. What are the prime factors of k?
2, 11
Let l(m) = -m**3 + 49*m**2 - 160*m + 419. What are the prime factors of l(29)?
43, 293
Let g(x) = -4 - 4 - 299*x + 128*x - 19. What are the prime factors of g(-3)?
2, 3
Suppose 12 = -3*c + 8*c - r, 5*r - 12 = c. Suppose c*t - 168 + 24 = 0. Suppose 4*i + t = 5*i. What are the prime factors of i?
2, 3
Let m(a) be the third derivative of 23*a**6/144 - a**4/24 + 7*a**2. Let w(p) be the second derivative of m(p). What are the prime factors of w(1)?
5, 23
Suppose -4*f = 2*w - 4, 4*f = -w + 3*w - 28. Let c be 2 + 580/w + (-3)/(-2). Let k = -71 + c. List the prime factors of k.
5
Let g(x) = -x**2 + 8*x - 12. Let u be g(6). Suppose u = -5*w + 2926 - 306. What are the prime factors of 9/45 - w/(-5)?
3, 5, 7
List the prime factors of 3 + (-7867991)/(-131) + 2*-1.
2, 59, 509
What are the prime factors of 100/8*6*(5 - 1579/(-15))?
2, 5, 827
Suppose r = -4*x + x + 70, 0 = x - r - 22. Suppose -x - 7 = -5*y. Let q(u) = 4*u**2 - 16*u + 13. List the prime factors of q(y).
61
Let x(y) be the first derivative of y**3/3 + 5*y**2/2 - 6*y - 187. Let q = 8 + -17. What are the prime factors of x(q)?
2, 3, 5
Suppose -18801 + 2401 = -9*f + 32677. What are the prime factors of f?
7, 19, 41
Let g(s) = -5*s**3 + 137*s**2 - 46*s + 88. What are the prime factors of g(27)?
2, 19
Suppose -10*g + 11*g = -3*z - 3, z = 0. Let l(d) = 68*d + 1. Let a be l(-1). List the prime factors of 3*(a/g + 2).
73
Let z(v) = 32*v**2 - 27*v - 266. What are the prime factors of z(-14)?
2, 3, 7, 19
List the prime factors of (-2671418)/(-78) - (-4)/78.
29, 1181
Suppose 7*a + 360 = 13*a. Let r be a/24*32/(-10). Let y(b) = -b**3 - 7*b**2 - 14*b - 9. What are the prime factors of y(r)?
167
Let i = -62 - -103. Suppose -167 + i = 9*s. Let o(f) = f**3 + 15*f**2 + 6*f - 18. List the prime factors of o(s).
2, 47
Suppose -3*r + 58359 = -23322. What are the prime factors of r?
19, 1433
Suppose 54 = 4*l + 2. Let c(q) = 7*q + 7*q + 49 - l*q. What are the prime factors of c(-25)?
2, 3
Let j(y) be the second derivative of -y**5/20 - 5*y**4/6 - 3*y**3/2 - 9*y**2/2 + 26*y. Let l be j(-11). Let o = -62 + l. List the prime factors of o.
149
Let b(y) = 38*y**2 + 0*y**3 + 0*y**3 - 19 - y**3 - 126*y + 130*y. What are the prime factors of b(38)?
7, 19
Let k = 9 - 9. Suppose 1038 = y + g, k = -3*g - 2*g - 5. List the prime factors of y.
1039
Let t(a) = -a**2 + 14*a - 14. Let f be t(14). Let m be f/4*24/18*-3. Let s = m - -241. What are the prime factors of s?
3, 5, 17
Suppose 2*o = 382*p - 381*p + 19634, -5*o - 3*p + 49052 = 0. What are the prime factors of o?
2, 7, 701
Let i = -6779 + 13845. List the prime factors of i.
2, 3533
Let w(f) = 6*f**2 + 10*f - 2. Let z be w(-2). Suppose -646 + 84 = -z*b. What are the prime factors of b?
281
Let o = -4286 + 14792. List the prime factors of o.
2, 3, 17, 103
Let r = 1210 + -726. What are the prime factors of r?
2, 11
Suppose 15*q + 1530 - 35700 = 0. List the prime factors of q.
2, 17, 67
Let n = -47819 + 72678. What are the prime factors of n?
24859
Suppose 2*j - 5 = 7*j. Let p be 2 - j/(1/12). Suppose 8*w - p*w = -1020. What are the prime factors of w?
2, 5, 17
Suppose -9*t + 24142 = -8*t + 4*p, 5*t - 120674 = -2*p. What are the prime factors of t?
2, 11, 1097
Let g = -591 + 211. Let d = 809 + g. What are the prime factors of d?
3, 11, 13
Suppose h + 0*h - 2*i = 622, -3*h + 2*i = -1870. Suppose h*n = 622*n + 296. What are the prime factors of n?
2, 37
Suppose -18*d = -15*d. Suppose 3*c = 4*f + 12, -5*f - 5*c = -f - 20. Suppose 0 = -f*x + 2*x - z - 110, d = -2*x - z + 114. List the prime factors of x.
2, 7
Let x(n) = 2*n**2 + 203*n + 1534. What are the prime factors of x(-8)?
2, 19
List the prime factors of (-126008)/57*168/(-32).
2, 7, 829
Suppose 7*w - 4*r - 95969 = 0, -2*r = 2*r + 20. List the prime factors of w.
3, 1523
Suppose 10*u - 126812 = -18*u. Suppose 8601 = 26*x - u. What are the prime factors of x?
5, 101
Let c be 2326/2 - (-58 - -52). Suppose c = 2*x + u, 22 + 3 = -5*u. List the prime factors of x.
587
Let v be (-16)/(-2) - 3 - (10 + -4). List the prime factors of v*12*((-7005)/20)/3.
3, 467
Let q(j) = 11*j**2 + 13*j + 7. Let s = 121 + -126. List the prime factors of q(s).
7, 31
Let c = -4214 + 6889. List the prime factors of c.
5, 107
Let v = 198 - -33. Let x = 424 + v. What are the prime factors of x?
5, 131
Suppose -q = 0, -w - 14*q + 18*q + 4380 = -7235. List the prime factors of w.
5, 23, 101
Let h(w) = 4921*w + 1468. What are the prime factors of h(3)?
16231
Suppose -28*u + 15096 = -24*u + 4*n, 0 = 2*u + 4*n - 7560. List the prime factors of u.
2, 3, 157
Let g = 53 + -44. Suppose 0 = g*u - 4*u - 25. Suppose s - 498 = -u*s. What are the prime factors of s?
83
Let f(x) = -x**3 - 3*x - 2. Let k be f(0). Let u be (-3 + 4)*66/k + 3. List the prime factors of 70*(-6)/(u/5).
2, 5, 7
Let o = -24 - -24. Let s be 3 - (6 + (o - 1)). What are the prime factors of (-6)/9*-267 + s?
2, 11
Suppose -128 = -10*m - 78. Suppose -11*z + 22496 = m*z. List the prime factors of z.
2, 19, 37
Suppose 0 = 18*h - 25*h + 19*h - 8016. List the prime factors of h.
2, 167
Let h(i) = 23932*i - 222. What are the prime factors of h(1)?
2, 5, 2371
Let y(p) = -p**3 + 13*p**2 - 11*p - 3. Let o be y(12). Let k = o - -24. List the prime factors of k.
3, 11
Let h(f) = 28*f**2 + 14. Suppose -14*z = -13*z - 2. Suppose z + 37 = 13*m. What are the prime factors of h(m)?
2, 7, 19
Suppose 2*q - 2*h - 20390 = 0, 40750 = 4*q + 28*h - 27*h. What are the prime factors of q?
23, 443
Suppose 1962*g - 137527 = 1957*g + o, -4*g + 110027 = o. What are the prime factors of g?
2, 17, 809
What are the prime factors of 1636 - 2 - ((-2)/(-3))/((-4)/30)?
11, 149
Let h(k) be the second derivative of k**4/6 - 7*k**3/3 + 37*k**2 - 22*k. What are the prime factors of h(20)?
2, 3, 11
Let z(j) = j**3 - 28*j**2 - 4*j + 117. Let o be z(28). List the prime factors of (-1432)/(-2) + o/((-40)/24).
23, 31
Let z be (2 - 3608)/(21/14). List the prime factors of z/(-10) + 40/25.
2, 11
Let s(m) be the second derivative of m**4/12 + 11*m**3/6 - 33*m**2 - 176*m. What are the prime factors of s(-42)?
2, 3, 103
Let n(c) = -c**2 + 7*c + 79. Let y be n(13). List the prime factors of 2 - (-241)/y*1.
3
Suppose 307226 = 15*v - 353802 + 57728. What are the prime factors of v?
2, 5, 2011
Let w = -10 + 127. Let b = 306 + w. List the prime factors of b.
3, 47
Let h(l) = l**3 + 4*l**2 - 14*l - 10. Let u be h(-6). Suppose 3*s - 2*m = 904, -170 = u*s - 5*m - 758. What are the prime factors of s?
2, 19
Suppose -4334 = -5*d - b, 11*d + 3*b = 12*d - 870. List the prime factors of d.
3, 17
Let w(d) = d**3 + 136*d**2 - 312*d - 49. What are the prime factors of w(-137)?
2, 7, 1709
Let a(t) = -123*t**2 + 8*t - 12. Let w be a(3). Let i = 2292 + w. List the prime factors of i.
3, 7, 19
Let o(m) = 2*m**2 + 325*m + 1511. What are the